{"id":1448,"date":"2025-02-09T13:33:09","date_gmt":"2025-02-09T13:33:09","guid":{"rendered":"https:\/\/ecobolle.md\/?post_type=product&#038;p=1448"},"modified":"2025-02-16T10:54:03","modified_gmt":"2025-02-16T10:54:03","slug":"percarbonat-de-sodiu-aditiv-de-inalbire-1-kg","status":"publish","type":"product","link":"https:\/\/ecobolle.md\/?product=percarbonat-de-sodiu-aditiv-de-inalbire-1-kg","title":{"rendered":"Percarbonat de sodiu &#8211; Aditiv de \u00een\u0103lbire"},"content":{"rendered":"<p><span style=\"font-weight: 400;\">Produs sub form\u0103 de pulbere pentru albire \u0219i dezinfectare. Re\u00eenvie albul \u021bes\u0103turilor, readuc\u00e2ndu-le la albul ini\u021bial. Este extrem de eficient \u0219i pentru \u00eendep\u0103rtarea petelor de pe haine, cur\u0103\u021barea \u0219i dezinfectarea ma\u0219inii de sp\u0103lat, cur\u0103\u021barea suprafe\u021belor, \u00eendep\u0103rtarea mucegaiului \u0219i a mirosurilor nepl\u0103cute din diverse zone ale casei. <\/span>Este un produs ecologic \u0219i biodegradabil, ceea ce \u00eel face o alegere popular\u0103 pentru cei care doresc s\u0103 foloseasc\u0103 produse de cur\u0103\u021benie mai prietenoase cu mediul.<\/p>\n","protected":false},"excerpt":{"rendered":"<p><span style=\"font-weight: 400;\">Produs sub form\u0103 de pulbere pentru albire \u0219i dezinfectare. Re\u00eenvie albul \u021bes\u0103turilor, readuc\u00e2ndu-le la albul ini\u021bial. Este extrem de eficient \u0219i pentru \u00eendep\u0103rtarea petelor de pe haine, cur\u0103\u021barea \u0219i dezinfectarea ma\u0219inii de sp\u0103lat, cur\u0103\u021barea suprafe\u021belor, \u00eendep\u0103rtarea mucegaiului \u0219i a mirosurilor nepl\u0103cute din diverse zone ale casei. <\/span>Este un produs ecologic \u0219i biodegradabil, ceea ce \u00eel face o alegere popular\u0103 pentru cei care doresc s\u0103 foloseasc\u0103 produse de cur\u0103\u021benie mai prietenoase cu mediul.<\/p>\n","protected":false},"featured_media":1570,"comment_status":"open","ping_status":"closed","template":"","meta":[],"product_brand":[],"product_cat":[76,87],"product_tag":[],"class_list":{"0":"post-1448","1":"product","2":"type-product","3":"status-publish","4":"has-post-thumbnail","6":"product_cat-detergent-pentru-rufe","7":"product_cat-gama-profi","9":"first","10":"instock","11":"shipping-taxable","12":"purchasable","13":"product-type-simple"},"jetpack_sharing_enabled":true,"_links":{"self":[{"href":"https:\/\/ecobolle.md\/index.php?rest_route=\/wp\/v2\/product\/1448","targetHints":{"allow":["GET"]}}],"collection":[{"href":"https:\/\/ecobolle.md\/index.php?rest_route=\/wp\/v2\/product"}],"about":[{"href":"https:\/\/ecobolle.md\/index.php?rest_route=\/wp\/v2\/types\/product"}],"replies":[{"embeddable":true,"href":"https:\/\/ecobolle.md\/index.php?rest_route=%2Fwp%2Fv2%2Fcomments&post=1448"}],"version-history":[{"count":4,"href":"https:\/\/ecobolle.md\/index.php?rest_route=\/wp\/v2\/product\/1448\/revisions"}],"predecessor-version":[{"id":1571,"href":"https:\/\/ecobolle.md\/index.php?rest_route=\/wp\/v2\/product\/1448\/revisions\/1571"}],"wp:featuredmedia":[{"embeddable":true,"href":"https:\/\/ecobolle.md\/index.php?rest_route=\/wp\/v2\/media\/1570"}],"wp:attachment":[{"href":"https:\/\/ecobolle.md\/index.php?rest_route=%2Fwp%2Fv2%2Fmedia&parent=1448"}],"wp:term":[{"taxonomy":"product_brand","embeddable":true,"href":"https:\/\/ecobolle.md\/index.php?rest_route=%2Fwp%2Fv2%2Fproduct_brand&post=1448"},{"taxonomy":"product_cat","embeddable":true,"href":"https:\/\/ecobolle.md\/index.php?rest_route=%2Fwp%2Fv2%2Fproduct_cat&post=1448"},{"taxonomy":"product_tag","embeddable":true,"href":"https:\/\/ecobolle.md\/index.php?rest_route=%2Fwp%2Fv2%2Fproduct_tag&post=1448"}],"curies":[{"name":"wp","href":"https:\/\/api.w.org\/{rel}","templated":true}]}}