{"id":1508,"date":"2025-02-09T15:00:47","date_gmt":"2025-02-09T15:00:47","guid":{"rendered":"https:\/\/ecobolle.md\/?post_type=product&#038;p=1508"},"modified":"2025-02-10T09:35:44","modified_gmt":"2025-02-10T09:35:44","slug":"active-fresh-degresant","status":"publish","type":"product","link":"https:\/\/ecobolle.md\/?product=active-fresh-degresant","title":{"rendered":"Active Fresh &#8211; Degresant"},"content":{"rendered":"<p><span style=\"font-weight: 400;\">\u00cendep\u0103rteaz\u0103 cu u\u0219urin\u021b\u0103 murd\u0103ria \u0219i gr\u0103simea de pe orice tip de suprafa\u021b\u0103, asigur\u00e2nd o cur\u0103\u021bare super str\u0103lucitoare, f\u0103r\u0103 a l\u0103sa urme. <\/span><\/p>\n","protected":false},"excerpt":{"rendered":"<p><span style=\"font-weight: 400;\">\u00cendep\u0103rteaz\u0103 cu u\u0219urin\u021b\u0103 murd\u0103ria \u0219i gr\u0103simea de pe orice tip de suprafa\u021b\u0103, asigur\u00e2nd o cur\u0103\u021bare super str\u0103lucitoare, f\u0103r\u0103 a l\u0103sa urme. <\/span><\/p>\n","protected":false},"featured_media":1509,"comment_status":"open","ping_status":"closed","template":"","meta":[],"product_brand":[],"product_cat":[89],"product_tag":[],"class_list":{"0":"post-1508","1":"product","2":"type-product","3":"status-publish","4":"has-post-thumbnail","6":"product_cat-degresant","8":"first","9":"instock","10":"shipping-taxable","11":"purchasable","12":"product-type-simple"},"jetpack_sharing_enabled":true,"_links":{"self":[{"href":"https:\/\/ecobolle.md\/index.php?rest_route=\/wp\/v2\/product\/1508","targetHints":{"allow":["GET"]}}],"collection":[{"href":"https:\/\/ecobolle.md\/index.php?rest_route=\/wp\/v2\/product"}],"about":[{"href":"https:\/\/ecobolle.md\/index.php?rest_route=\/wp\/v2\/types\/product"}],"replies":[{"embeddable":true,"href":"https:\/\/ecobolle.md\/index.php?rest_route=%2Fwp%2Fv2%2Fcomments&post=1508"}],"version-history":[{"count":1,"href":"https:\/\/ecobolle.md\/index.php?rest_route=\/wp\/v2\/product\/1508\/revisions"}],"predecessor-version":[{"id":1510,"href":"https:\/\/ecobolle.md\/index.php?rest_route=\/wp\/v2\/product\/1508\/revisions\/1510"}],"wp:featuredmedia":[{"embeddable":true,"href":"https:\/\/ecobolle.md\/index.php?rest_route=\/wp\/v2\/media\/1509"}],"wp:attachment":[{"href":"https:\/\/ecobolle.md\/index.php?rest_route=%2Fwp%2Fv2%2Fmedia&parent=1508"}],"wp:term":[{"taxonomy":"product_brand","embeddable":true,"href":"https:\/\/ecobolle.md\/index.php?rest_route=%2Fwp%2Fv2%2Fproduct_brand&post=1508"},{"taxonomy":"product_cat","embeddable":true,"href":"https:\/\/ecobolle.md\/index.php?rest_route=%2Fwp%2Fv2%2Fproduct_cat&post=1508"},{"taxonomy":"product_tag","embeddable":true,"href":"https:\/\/ecobolle.md\/index.php?rest_route=%2Fwp%2Fv2%2Fproduct_tag&post=1508"}],"curies":[{"name":"wp","href":"https:\/\/api.w.org\/{rel}","templated":true}]}}