{"id":1514,"date":"2025-02-09T15:05:22","date_gmt":"2025-02-09T15:05:22","guid":{"rendered":"https:\/\/ecobolle.md\/?post_type=product&#038;p=1514"},"modified":"2025-02-10T09:34:36","modified_gmt":"2025-02-10T09:34:36","slug":"parchet-si-suprafete-delicate","status":"publish","type":"product","link":"https:\/\/ecobolle.md\/?product=parchet-si-suprafete-delicate","title":{"rendered":"Parchet \u0219i Suprafe\u021be Delicate"},"content":{"rendered":"<p><span style=\"font-weight: 400;\">Detergentul pentru parchet \u0219i suprafe\u021be delicate v\u0103 re\u00eennoie\u0219te \u0219i v\u0103 protejeaz\u0103 suprafe\u021bele. Este potrivit pentru suprafe\u021be din lemn tratat \u0219i mobilier. \u00cendep\u0103rteaz\u0103 petele, murd\u0103ria \u0219i praful, l\u0103s\u00e2nd un miros proasp\u0103t de l\u0103m\u00e2ie \u00een aer. <\/span><\/p>\n","protected":false},"excerpt":{"rendered":"<p><span style=\"font-weight: 400;\">Detergentul pentru parchet \u0219i suprafe\u021be delicate v\u0103 re\u00eennoie\u0219te \u0219i v\u0103 protejeaz\u0103 suprafe\u021bele. Este potrivit pentru suprafe\u021be din lemn tratat \u0219i mobilier. \u00cendep\u0103rteaz\u0103 petele, murd\u0103ria \u0219i praful, l\u0103s\u00e2nd un miros proasp\u0103t de l\u0103m\u00e2ie \u00een aer. <\/span><\/p>\n","protected":false},"featured_media":1515,"comment_status":"open","ping_status":"closed","template":"","meta":[],"product_brand":[],"product_cat":[90],"product_tag":[],"class_list":{"0":"post-1514","1":"product","2":"type-product","3":"status-publish","4":"has-post-thumbnail","6":"product_cat-detergent-podele","8":"first","9":"instock","10":"shipping-taxable","11":"purchasable","12":"product-type-simple"},"jetpack_sharing_enabled":true,"_links":{"self":[{"href":"https:\/\/ecobolle.md\/index.php?rest_route=\/wp\/v2\/product\/1514","targetHints":{"allow":["GET"]}}],"collection":[{"href":"https:\/\/ecobolle.md\/index.php?rest_route=\/wp\/v2\/product"}],"about":[{"href":"https:\/\/ecobolle.md\/index.php?rest_route=\/wp\/v2\/types\/product"}],"replies":[{"embeddable":true,"href":"https:\/\/ecobolle.md\/index.php?rest_route=%2Fwp%2Fv2%2Fcomments&post=1514"}],"version-history":[{"count":1,"href":"https:\/\/ecobolle.md\/index.php?rest_route=\/wp\/v2\/product\/1514\/revisions"}],"predecessor-version":[{"id":1516,"href":"https:\/\/ecobolle.md\/index.php?rest_route=\/wp\/v2\/product\/1514\/revisions\/1516"}],"wp:featuredmedia":[{"embeddable":true,"href":"https:\/\/ecobolle.md\/index.php?rest_route=\/wp\/v2\/media\/1515"}],"wp:attachment":[{"href":"https:\/\/ecobolle.md\/index.php?rest_route=%2Fwp%2Fv2%2Fmedia&parent=1514"}],"wp:term":[{"taxonomy":"product_brand","embeddable":true,"href":"https:\/\/ecobolle.md\/index.php?rest_route=%2Fwp%2Fv2%2Fproduct_brand&post=1514"},{"taxonomy":"product_cat","embeddable":true,"href":"https:\/\/ecobolle.md\/index.php?rest_route=%2Fwp%2Fv2%2Fproduct_cat&post=1514"},{"taxonomy":"product_tag","embeddable":true,"href":"https:\/\/ecobolle.md\/index.php?rest_route=%2Fwp%2Fv2%2Fproduct_tag&post=1514"}],"curies":[{"name":"wp","href":"https:\/\/api.w.org\/{rel}","templated":true}]}}