{"id":1531,"date":"2025-02-09T15:57:59","date_gmt":"2025-02-09T15:57:59","guid":{"rendered":"https:\/\/ecobolle.md\/?post_type=product&#038;p=1531"},"modified":"2025-02-10T09:30:24","modified_gmt":"2025-02-10T09:30:24","slug":"anticalcar","status":"publish","type":"product","link":"https:\/\/ecobolle.md\/?product=anticalcar","title":{"rendered":"Anticalcar"},"content":{"rendered":"<p><span style=\"font-weight: 400;\">Detartrant conceput pentru a \u00eendep\u0103rta rapid depunerile \u00eencrustate de calcar. Utilizarea zilnic\u0103 previne depunerile, iar suprafe\u021bele vor fi str\u0103lucitoare \u0219i parfumate.<\/span><\/p>\n","protected":false},"excerpt":{"rendered":"<p><span style=\"font-weight: 400;\">Detartrant conceput pentru a \u00eendep\u0103rta rapid depunerile \u00eencrustate de calcar. Utilizarea zilnic\u0103 previne depunerile, iar suprafe\u021bele vor fi str\u0103lucitoare \u0219i parfumate.<\/span><\/p>\n","protected":false},"featured_media":1532,"comment_status":"open","ping_status":"closed","template":"","meta":[],"product_brand":[],"product_cat":[91],"product_tag":[],"class_list":{"0":"post-1531","1":"product","2":"type-product","3":"status-publish","4":"has-post-thumbnail","6":"product_cat-baie-bucatarie","8":"first","9":"instock","10":"shipping-taxable","11":"purchasable","12":"product-type-simple"},"jetpack_sharing_enabled":true,"_links":{"self":[{"href":"https:\/\/ecobolle.md\/index.php?rest_route=\/wp\/v2\/product\/1531","targetHints":{"allow":["GET"]}}],"collection":[{"href":"https:\/\/ecobolle.md\/index.php?rest_route=\/wp\/v2\/product"}],"about":[{"href":"https:\/\/ecobolle.md\/index.php?rest_route=\/wp\/v2\/types\/product"}],"replies":[{"embeddable":true,"href":"https:\/\/ecobolle.md\/index.php?rest_route=%2Fwp%2Fv2%2Fcomments&post=1531"}],"version-history":[{"count":1,"href":"https:\/\/ecobolle.md\/index.php?rest_route=\/wp\/v2\/product\/1531\/revisions"}],"predecessor-version":[{"id":1533,"href":"https:\/\/ecobolle.md\/index.php?rest_route=\/wp\/v2\/product\/1531\/revisions\/1533"}],"wp:featuredmedia":[{"embeddable":true,"href":"https:\/\/ecobolle.md\/index.php?rest_route=\/wp\/v2\/media\/1532"}],"wp:attachment":[{"href":"https:\/\/ecobolle.md\/index.php?rest_route=%2Fwp%2Fv2%2Fmedia&parent=1531"}],"wp:term":[{"taxonomy":"product_brand","embeddable":true,"href":"https:\/\/ecobolle.md\/index.php?rest_route=%2Fwp%2Fv2%2Fproduct_brand&post=1531"},{"taxonomy":"product_cat","embeddable":true,"href":"https:\/\/ecobolle.md\/index.php?rest_route=%2Fwp%2Fv2%2Fproduct_cat&post=1531"},{"taxonomy":"product_tag","embeddable":true,"href":"https:\/\/ecobolle.md\/index.php?rest_route=%2Fwp%2Fv2%2Fproduct_tag&post=1531"}],"curies":[{"name":"wp","href":"https:\/\/api.w.org\/{rel}","templated":true}]}}