{"id":1586,"date":"2025-02-16T11:17:34","date_gmt":"2025-02-16T11:17:34","guid":{"rendered":"https:\/\/ecobolle.md\/?post_type=product&#038;p=1586"},"modified":"2025-02-16T11:17:34","modified_gmt":"2025-02-16T11:17:34","slug":"gel-pentru-masina-de-spalat-vase","status":"publish","type":"product","link":"https:\/\/ecobolle.md\/?product=gel-pentru-masina-de-spalat-vase","title":{"rendered":"Gel pentru ma\u0219ina de sp\u0103lat vase"},"content":{"rendered":"<p><span style=\"font-weight: 400;\">Formula sa special\u0103 ofer\u0103 o cur\u0103\u021bare profund\u0103, l\u0103s\u00e2nd vasele str\u0103lucitoare \u0219i super curate. <\/span><\/p>\n","protected":false},"excerpt":{"rendered":"<p><span style=\"font-weight: 400;\">Formula sa special\u0103 ofer\u0103 o cur\u0103\u021bare profund\u0103, l\u0103s\u00e2nd vasele str\u0103lucitoare \u0219i super curate. <\/span><\/p>\n","protected":false},"featured_media":1587,"comment_status":"open","ping_status":"closed","template":"","meta":[],"product_brand":[],"product_cat":[88],"product_tag":[],"class_list":{"0":"post-1586","1":"product","2":"type-product","3":"status-publish","4":"has-post-thumbnail","6":"product_cat-detergent-vase","8":"first","9":"instock","10":"shipping-taxable","11":"purchasable","12":"product-type-simple"},"jetpack_sharing_enabled":true,"_links":{"self":[{"href":"https:\/\/ecobolle.md\/index.php?rest_route=\/wp\/v2\/product\/1586","targetHints":{"allow":["GET"]}}],"collection":[{"href":"https:\/\/ecobolle.md\/index.php?rest_route=\/wp\/v2\/product"}],"about":[{"href":"https:\/\/ecobolle.md\/index.php?rest_route=\/wp\/v2\/types\/product"}],"replies":[{"embeddable":true,"href":"https:\/\/ecobolle.md\/index.php?rest_route=%2Fwp%2Fv2%2Fcomments&post=1586"}],"version-history":[{"count":1,"href":"https:\/\/ecobolle.md\/index.php?rest_route=\/wp\/v2\/product\/1586\/revisions"}],"predecessor-version":[{"id":1588,"href":"https:\/\/ecobolle.md\/index.php?rest_route=\/wp\/v2\/product\/1586\/revisions\/1588"}],"wp:featuredmedia":[{"embeddable":true,"href":"https:\/\/ecobolle.md\/index.php?rest_route=\/wp\/v2\/media\/1587"}],"wp:attachment":[{"href":"https:\/\/ecobolle.md\/index.php?rest_route=%2Fwp%2Fv2%2Fmedia&parent=1586"}],"wp:term":[{"taxonomy":"product_brand","embeddable":true,"href":"https:\/\/ecobolle.md\/index.php?rest_route=%2Fwp%2Fv2%2Fproduct_brand&post=1586"},{"taxonomy":"product_cat","embeddable":true,"href":"https:\/\/ecobolle.md\/index.php?rest_route=%2Fwp%2Fv2%2Fproduct_cat&post=1586"},{"taxonomy":"product_tag","embeddable":true,"href":"https:\/\/ecobolle.md\/index.php?rest_route=%2Fwp%2Fv2%2Fproduct_tag&post=1586"}],"curies":[{"name":"wp","href":"https:\/\/api.w.org\/{rel}","templated":true}]}}