{"id":1609,"date":"2025-02-16T12:08:48","date_gmt":"2025-02-16T12:08:48","guid":{"rendered":"https:\/\/ecobolle.md\/?post_type=product&#038;p=1609"},"modified":"2025-02-16T12:08:49","modified_gmt":"2025-02-16T12:08:49","slug":"flori-de-lotus-odorizant","status":"publish","type":"product","link":"https:\/\/ecobolle.md\/?product=flori-de-lotus-odorizant","title":{"rendered":"Flori de Lotus &#8211; Odorizant"},"content":{"rendered":"<p><span style=\"font-weight: 400;\">Ofer\u0103 camerelor tale o experien\u021b\u0103 olfactiv\u0103 incredibil\u0103, r\u0103sp\u00e2ndind mirosul caracteristic al florii de lotus \u00een cas\u0103. Are o formul\u0103 conceput\u0103 s\u0103 asigure un rezultat de lung\u0103 durat\u0103.<\/span><\/p>\n","protected":false},"excerpt":{"rendered":"<p><span style=\"font-weight: 400;\">Ofer\u0103 camerelor tale o experien\u021b\u0103 olfactiv\u0103 incredibil\u0103, r\u0103sp\u00e2ndind mirosul caracteristic al florii de lotus \u00een cas\u0103. Are o formul\u0103 conceput\u0103 s\u0103 asigure un rezultat de lung\u0103 durat\u0103.<\/span><\/p>\n","protected":false},"featured_media":1610,"comment_status":"open","ping_status":"closed","template":"","meta":[],"product_brand":[],"product_cat":[92],"product_tag":[],"class_list":{"0":"post-1609","1":"product","2":"type-product","3":"status-publish","4":"has-post-thumbnail","6":"product_cat-odorizant","8":"first","9":"instock","10":"shipping-taxable","11":"purchasable","12":"product-type-simple"},"jetpack_sharing_enabled":true,"_links":{"self":[{"href":"https:\/\/ecobolle.md\/index.php?rest_route=\/wp\/v2\/product\/1609","targetHints":{"allow":["GET"]}}],"collection":[{"href":"https:\/\/ecobolle.md\/index.php?rest_route=\/wp\/v2\/product"}],"about":[{"href":"https:\/\/ecobolle.md\/index.php?rest_route=\/wp\/v2\/types\/product"}],"replies":[{"embeddable":true,"href":"https:\/\/ecobolle.md\/index.php?rest_route=%2Fwp%2Fv2%2Fcomments&post=1609"}],"version-history":[{"count":1,"href":"https:\/\/ecobolle.md\/index.php?rest_route=\/wp\/v2\/product\/1609\/revisions"}],"predecessor-version":[{"id":1611,"href":"https:\/\/ecobolle.md\/index.php?rest_route=\/wp\/v2\/product\/1609\/revisions\/1611"}],"wp:featuredmedia":[{"embeddable":true,"href":"https:\/\/ecobolle.md\/index.php?rest_route=\/wp\/v2\/media\/1610"}],"wp:attachment":[{"href":"https:\/\/ecobolle.md\/index.php?rest_route=%2Fwp%2Fv2%2Fmedia&parent=1609"}],"wp:term":[{"taxonomy":"product_brand","embeddable":true,"href":"https:\/\/ecobolle.md\/index.php?rest_route=%2Fwp%2Fv2%2Fproduct_brand&post=1609"},{"taxonomy":"product_cat","embeddable":true,"href":"https:\/\/ecobolle.md\/index.php?rest_route=%2Fwp%2Fv2%2Fproduct_cat&post=1609"},{"taxonomy":"product_tag","embeddable":true,"href":"https:\/\/ecobolle.md\/index.php?rest_route=%2Fwp%2Fv2%2Fproduct_tag&post=1609"}],"curies":[{"name":"wp","href":"https:\/\/api.w.org\/{rel}","templated":true}]}}